 the tens digit of j?
4
Let l = -1563 - -4755. What is the thousands digit of l?
3
Let a(g) = 912*g + 2736. What is the tens digit of a(9)?
4
Suppose 3*v + 12*v = 20505. What is the tens digit of v*(-2 + (5 - 2))?
6
Suppose 214 = 3*w - 344. Let z = -114 + 26. Let b = z + w. What is the units digit of b?
8
Let c(u) = 51 - 32 + 29 - 3*u + 37. Let p be c(25). Suppose 331 = p*k - 499. What is the tens digit of k?
8
Let n = -13844 + 24555. What is the hundreds digit of n?
7
Let h(p) = -p**2 + 2*p + 46. Let c be h(0). Suppose -4*s + c = 3*r + 3, 3*s + 4*r = 41. Let g(x) = -x**2 + 13*x - 15. What is the tens digit of g(s)?
2
Let i(v) = -12*v - 167. Let s be i(-15). Suppose 16*h + s*h = 9367. What is the hundreds digit of h?
3
Suppose -6*i - 6000 = 14*i. Let a = 93 - i. What is the tens digit of a?
9
Suppose -38441 = -3*u + 4*v, -3*u = u - 4*v - 51248. What is the thousands digit of u?
2
What is the units digit of (-32801721)/(-459) + 4/(-5 + 12/(-3))?
3
Suppose 3*q - 6 = 0, -4*y + 121*q = 118*q - 232330. What is the hundreds digit of y?
0
Let p = 10 - -54. Let t = -62 + p. What is the tens digit of t/12 + (-655)/(-30)?
2
Let c(z) = -28361*z + 5686. What is the units digit of c(-2)?
8
Suppose 4*c - 5*b - 39 = 0, -b + 13 = c - 8. Suppose -38*p - c = -40*p. Suppose 0*o = -p*o + 1176. What is the units digit of o?
7
Suppose 0 = 5*x + 5*z - 19600, -3*x - 3*z + 7840 = -x. Suppose 0 = -8*g - 6*g + x. What is the units digit of g?
0
Let l(t) = t - 6. Let b be l(6). Suppose -25 = -w - d - 8, -d - 2 = b. Suppose -w*q = -20*q + 108. What is the hundreds digit of q?
1
What is the thousands digit of 840/1890 + 479080/18?
6
Let r(g) = 6054*g + 928. What is the thousands digit of r(2)?
3
Let s = 445 + 744. Suppose 0 = -z + 5*l + 383, -5*z + s + 726 = -2*l. What is the tens digit of z?
8
Suppose -154082 + 64526 = -41*m + 284733. What is the hundreds digit of m?
1
What is the thousands digit of -8*16/1088 + 415452/51?
8
What is the tens digit of (-7 + 39638 - 5)/2?
1
Suppose 0 = 18*l + 2*l - 100. What is the hundreds digit of (l/(-12) + (-17)/204)*-826?
4
Suppose -8*y + 4*w - 48124 = -12*y, -y + 5*w = -12001. What is the hundreds digit of y?
0
Let r be 0 + 388/44 - 2/(-11). Let d(x) = x**3 - 6*x**2 + 8*x + 29. What is the units digit of d(r)?
4
Let y be (66/8)/((-117)/156). Let w(b) = 14*b**2 + 6*b + 1. What is the tens digit of w(y)?
2
Suppose -298514 + 26524 = -17*a + 312351. What is the ten thousands digit of a?
3
Suppose -2273 - 11713 = -6*m. Suppose -m = 5*k - 14*k. What is the hundreds digit of k?
2
Let t(b) = 9*b**2 + 13*b - 10. Let v be t(6). Suppose -v = -f + 41. What is the hundreds digit of f?
4
What is the tens digit of (-45649)/(-5) + ((-89)/5 - -18)?
3
Let v(x) = 3*x**3 + 13*x**2 - 10*x - 10. Suppose -17 = 4*h - 13. Let o(a) = a**3 + a**2 - a - 1. Let g(n) = h*v(n) + 6*o(n). What is the hundreds digit of g(4)?
1
Suppose -4*a + 69508 = 5*z, 3*z - 8844 - 8533 = -a. What is the hundreds digit of a?
3
Suppose -5*v - 4*o = -16939, 6*v - 7*v - 4*o + 3391 = 0. Suppose -4*c + v = -5*p, -4*p + 0*p - 1698 = -2*c. What is the units digit of c?
3
Suppose -4*m - 238480 = -4*l, l - 59584 = -16*m + 21*m. What is the thousands digit of l?
9
Suppose 0 = c + 3*g + 23, -3*c - g + 0*g = 93. Let w be ((-12)/(-8) - 3)/((-12)/c). What is the units digit of (1 + w)*88/(-24)?
1
Let l(r) = -4*r + 5 + 5*r + 13 + 12*r + 0. Suppose -5*o - 3*w = -52, -o - 3*o + w = -28. What is the units digit of l(o)?
2
Let n(c) = -7*c**3 + c**2 + 4*c - 1. Let r be 5/((-105)/(-6)) + 192/14. Suppose 0 = -r*l + 18*l + 8. What is the units digit of n(l)?
1
Suppose -619207 = -21*y - 131041. What is the units digit of y?
6
Let m(l) = -10*l**3 + 4*l**2 - 63*l + 91. What is the units digit of m(-11)?
8
Suppose 2*r - 35 = r. Let g = r - 12. Suppose -2*q - 3*f + g = -10, 4*q - 69 = -3*f. What is the units digit of q?
8
Suppose 2*n = -3*g + 12389, 0 = -15*g + 10*g + 25. What is the tens digit of n?
8
What is the hundreds digit of ((-3)/12)/(43/(-1775212))?
3
Suppose -114054 = -19*j + 1637. What is the hundreds digit of j?
0
What is the hundreds digit of ((-4205)/(-87))/(-29) + 2*812/6?
2
Let h = -5712 + 7141. What is the tens digit of h?
2
Let y(n) = -2*n**3 - 4*n**2 + 13*n + 19. What is the tens digit of y(-11)?
5
Suppose -438*j = -609*j + 12520791. What is the ten thousands digit of j?
7
Suppose -3*t - q + 15 = 0, -5*t + 7*q - 5*q = -14. Suppose 5*k + 5*p + 4210 = 10*k, -t*p = 2*k - 1672. What is the units digit of k?
0
Suppose 5*a = -20, -2*a = 3*i + 2*a - 33197. What is the hundreds digit of i?
0
Suppose 2*x + 82 = -3*i, -i + 2*i = 2. Let l = 47 + x. Suppose 441 = l*j - 354. What is the hundreds digit of j?
2
Let l(x) = 2*x**2 - 15*x + 66. Let r be l(4). Suppose 3*z - 2287 = r. What is the units digit of z?
5
Let q(t) = -3*t**3 - 3*t**2 - 5*t - 8. Let r be -2 + (-40)/(-25) + (-26)/10. Let b be q(r). Suppose -72 + b = -h. What is the tens digit of h?
1
Suppose 4*r + 1685 - 193 = 4*v, 0 = 2*v + 4*r - 728. Let c = v + -182. What is the units digit of (25 - 23) + c/2?
6
Let y(v) = -5*v**2 - 5*v + 1925. Let p be y(0). Let x = -349 + p. What is the units digit of x?
6
Let y(r) = 2155*r**2 + 2*r + 2. What is the thousands digit of y(-1)?
2
Suppose -5*q = 5*u - 28675, 20192 = 4*u + q - 2754. What is the tens digit of u?
3
Let j = 146 + -141. Suppose -g + 605 = 5*r - 363, j*r - 959 = 2*g. What is the hundreds digit of r?
1
Suppose 0 = -5*k - 6*w + 8*w + 30866, 0 = -5*w + 10. What is the units digit of k?
4
Let l = 302 - 216. Let h = -48 + l. What is the tens digit of h?
3
Let l(r) = 5 - 6 - 4*r - 6. Let f be l(-4). Let w = f + 99. What is the tens digit of w?
0
Suppose 2*y + 5*y - 3017 = 0. Suppose 10*n - 7*n - 5*o = y, -4*n = 2*o - 566. Suppose -4*d + 190 + n = 0. What is the units digit of d?
3
Suppose o - 180572 = -5*p, 6*o - 144466 = -4*p + o. Suppose 8*l + p = 47*l. What is the tens digit of l?
2
Let a be ((-1)/(2/20))/(22/(-44)). Let s be 325/a + 2/(-8). Suppose -s = 5*j - 41. What is the units digit of j?
5
Suppose 11*b = 27693 + 11324. Suppose 6*r - b = -637. What is the tens digit of r?
8
What is the tens digit of (7154/(-6))/(66/(-198)) - -1?
7
Let j = -62 - -54. Let f be -190*j/60*3. Suppose 0 = -3*c + 3*g + 36, 2*c + 3*c = -3*g + f. What is the units digit of c?
4
Let o = -364 - -762. What is the tens digit of o?
9
Let j = 16 - -5. Let d(q) = -18*q - 114. Let n be d(-11). Let m = j + n. What is the units digit of m?
5
What is the ten thousands digit of (-6)/(-21) - (23 - (-1606288)/(-56))?
2
What is the hundreds digit of (21902 - 0) + (6 - 209/22)*2?
8
Suppose 0 = 4*z + 8, -8*i = -3*i + 2*z + 4. Suppose 0 = -m - i*m + 2*l + 6489, -2*l - 25974 = -4*m. What is the units digit of (-2)/((-66)/m) + 20/110?
7
Suppose 4*i + 4*u + 39 = u, 0 = -5*u + 15. Let w be (-2)/(-6) + (-4 - 44/i). Suppose f + 3*f - 972 = w. What is the tens digit of f?
4
Let f = -19 - -19. Suppose -40 = -5*z + 4*s, -5*z = -f*z + 2*s - 10. Suppose z*n - 102 = -18. What is the tens digit of n?
2
Let c(g) = 3*g**3 - 56*g**2 - 117*g - 16. What is the units digit of c(25)?
4
Let q = 133387 - 71090. What is the units digit of q?
7
Let h(c) = 6*c**2 - c - 8. Let v be h(-3). Let n(i) = 26*i**2 + 22*i**2 - v*i**2 - 22 + 18*i - 2*i. What is the units digit of n(12)?
6
Let z(f) = -2*f**3 + 6*f**2 - 4*f + 6. Let j be z(4). Let t = j + 45. Suppose -2*n - q = t*n - 332, -2*n + 3*q = -143. What is the tens digit of n?
6
What is the tens digit of 28921/4 + ((-2)/(-24))/(76/(-228))?
3
Let r = 17 - -10. Let s = 1069 - 738. What is the units digit of s/9 - (-6)/r?
7
Let x be (-1 - (-4)/6)/((-3)/(-45)). Let y(n) = 3*n**2 + 11*n + 10. Let p be y(x). What is the hundreds digit of 3020/p + (-2)/(-6)?
1
Suppose 16*g = 33*g + 1989. Let f = -112 - 104. Let i = g - f. What is the tens digit of i?
9
Suppose 0*j - 7 = -3*c - 5*j, 0 = 4*c + 3*j - 24. Suppose -1795 + 148 = -c*r. What is the units digit of r?
3
What is the hundreds digit of 787/(-3935) - (237626/(-30) - 4/(-6))?
9
Let q = -1305 + 2703. Suppose -760 = -13*w + q. What is the hundreds digit of w?
1
Let p = -2955 - -3273. What is the units digit of p?
8
Suppose -89*y = -43*y. Let g(u) = u**3 + 3*u**2 + 6*u + 789. What is the hundreds digit of g(y)?
7
Suppose 0 = -h - 1, -9*h = -2*c - 14*h - 5. Suppos